35926.
22
Calculate the greatest common divisor of 1175 and 187700.
25
Calculate the highest common divisor of 7404 and 28999.
617
Calculate the highest common factor of 72142 and 448.
14
What is the greatest common divisor of 1092 and 4212?
156
What is the highest common factor of 3306641 and 299?
299
What is the greatest common factor of 21 and 36435?
21
Calculate the highest common divisor of 223790 and 2070.
230
What is the highest common divisor of 136 and 49385?
17
What is the greatest common divisor of 918 and 37026?
306
What is the greatest common divisor of 342 and 2628?
18
Calculate the greatest common factor of 2288 and 38907.
11
Calculate the highest common factor of 13 and 186134.
13
What is the highest common factor of 380 and 323779?
19
Calculate the greatest common factor of 5549 and 3.
1
Calculate the greatest common factor of 568875 and 205.
205
What is the greatest common factor of 407888 and 2544?
848
Calculate the greatest common factor of 44 and 12958.
22
Calculate the highest common factor of 2059 and 2291.
29
Calculate the highest common divisor of 857 and 906706.
857
What is the highest common factor of 3771 and 207?
9
Calculate the highest common divisor of 98 and 204673.
49
What is the highest common divisor of 138 and 37559?
23
What is the highest common factor of 378 and 51975?
189
What is the greatest common divisor of 39603 and 1161?
129
What is the highest common divisor of 97 and 5616203?
97
What is the greatest common divisor of 69 and 1176197?
23
What is the greatest common factor of 612134 and 10104?
842
What is the greatest common divisor of 26 and 13794014?
26
What is the highest common divisor of 450 and 746010?
90
Calculate the greatest common divisor of 181986 and 1008.
42
What is the greatest common divisor of 428688 and 9?
9
Calculate the highest common divisor of 412 and 1244.
4
What is the highest common divisor of 84376 and 4664?
424
What is the highest common divisor of 53550 and 28?
14
What is the highest common divisor of 4316791 and 97?
97
What is the greatest common factor of 3408 and 1671056?
1136
Calculate the highest common factor of 6727 and 49.
7
Calculate the highest common divisor of 10 and 671.
1
Calculate the highest common factor of 12955 and 32.
1
Calculate the greatest common factor of 2507 and 253.
23
Calculate the greatest common divisor of 1557 and 2286.
9
Calculate the highest common factor of 108 and 751164.
12
Calculate the highest common divisor of 4356 and 3708.
36
What is the highest common factor of 4 and 5447?
1
Calculate the greatest common divisor of 179709 and 111.
111
Calculate the greatest common factor of 68931 and 102465.
1863
Calculate the greatest common factor of 4 and 85474.
2
Calculate the greatest common divisor of 709246 and 106.
106
Calculate the greatest common factor of 25014 and 1287.
33
What is the highest common factor of 2872176 and 848?
848
What is the highest common divisor of 153381 and 754?
29
What is the highest common factor of 15399 and 494479?
1711
Calculate the highest common divisor of 124576 and 2448.
272
Calculate the highest common divisor of 1050 and 53004.
42
Calculate the greatest common factor of 244 and 468907.
61
What is the greatest common factor of 132770 and 510?
170
Calculate the greatest common divisor of 514 and 1521183.
257
What is the greatest common divisor of 7588 and 1022?
14
Calculate the highest common factor of 1041 and 4455827.
347
Calculate the greatest common divisor of 62048 and 3248.
112
Calculate the greatest common factor of 81 and 71037.
81
What is the highest common factor of 54579 and 216867?
483
Calculate the highest common divisor of 117 and 16874.
13
What is the greatest common factor of 285 and 929157?
57
Calculate the highest common factor of 13478 and 43364.
586
Calculate the greatest common divisor of 150920 and 200.
40
Calculate the highest common factor of 522464 and 1160.
232
Calculate the highest common divisor of 11718 and 4977.
63
What is the highest common factor of 190 and 1810?
10
What is the highest common divisor of 74535 and 15?
15
Calculate the highest common divisor of 18688 and 1606.
146
What is the greatest common divisor of 124 and 32922?
62
What is the highest common factor of 130 and 3650530?
130
What is the greatest common divisor of 52904 and 6800?
136
What is the highest common factor of 12580 and 482110?
370
Calculate the highest common factor of 122031 and 507.
39
What is the greatest common factor of 540 and 9780?
60
Calculate the highest common factor of 8019 and 267498.
99
Calculate the highest common factor of 31000 and 375.
125
What is the highest common divisor of 1448 and 56?
8
What is the highest common factor of 960 and 2460?
60
Calculate the greatest common divisor of 7368175 and 1450.
725
What is the highest common divisor of 8748 and 1308?
12
What is the highest common divisor of 1 and 643?
1
Calculate the greatest common divisor of 48172 and 28.
4
Calculate the highest common divisor of 418 and 109307.
209
What is the highest common factor of 1311 and 22629?
57
What is the highest common divisor of 36 and 2804?
4
Calculate the highest common divisor of 27 and 5297238.
27
What is the greatest common divisor of 118 and 1627338?
118
Calculate the highest common divisor of 990 and 1205325.
495
Calculate the highest common divisor of 129 and 6321301.
43
What is the highest common factor of 98933 and 19?
19
Calculate the highest common divisor of 22304 and 1836.
68
What is the greatest common divisor of 11647 and 836?
19
What is the highest common factor of 702 and 299?
13
Calculate the greatest common divisor of 5359 and 104673.
23
Calculate the greatest common divisor of 984 and 850504.
328
What is the greatest common factor of 1212037 and 118?
59
Calculate the greatest common factor of 244006 and 54090.
1202
Calculate the greatest common divisor of 2486322 and 54.
54
Calculate the greatest common divisor of 1118532 and 153.
51
Calculate the highest common divisor of 325 and 28340.
65
Calculate the highest common factor of 64 and 564016.
16
What is the greatest common factor of 1343504 and 16?
16
Calculate the highest common divisor of 3110 and 730.
10
Calculate the greatest common factor of 45 and 240355.
5
What is the highest common factor of 1457 and 195021?
31
What is the greatest common divisor of 80581 and 122?
61
Calculate the greatest common divisor of 18 and 296874.
18
Calculate the greatest common divisor of 430915 and 65.
5
Calculate the greatest common factor of 6 and 62247.
3
What is the highest common factor of 1054042 and 22?
22
Calculate the greatest common divisor of 4 and 43978.
2
Calculate the highest common factor of 7375 and 225.
25
Calculate the greatest common divisor of 39 and 59137.
13
Calculate the highest common divisor of 573822 and 72.
18
Calculate the highest common divisor of 1243 and 431321.
1243
What is the greatest common divisor of 48 and 27888?
48
Calculate the greatest common divisor of 13328 and 2142.
238
What is the greatest common divisor of 207 and 19728?
9
What is the highest common divisor of 43 and 373627?
43
Calculate the highest common factor of 597182 and 658.
94
What is the greatest common factor of 7 and 21803?
1
Calculate the highest common factor of 1064 and 4088.
56
What is the greatest common divisor of 535 and 23326?
107
Calculate the greatest common divisor of 15552 and 87616.
64
Calculate the greatest common factor of 182 and 14.
14
What is the highest common divisor of 13660 and 220?
20
What is the highest common factor of 95709 and 21443?
523
What is the highest common divisor of 488 and 2366556?
244
Calculate the highest common factor of 1680 and 49920.
240
What is the greatest common factor of 912 and 21584?
304
Calculate the highest common divisor of 76984 and 8.
8
Calculate the highest common factor of 215789 and 28701.
1063
What is the highest common divisor of 6575 and 1117224?
263
What is the greatest common divisor of 1588 and 1076?
4
Calculate the highest common divisor of 7 and 59.
1
What is the greatest common factor of 230 and 83490?
230
What is the greatest common divisor of 354 and 164079?
177
What is the greatest common divisor of 89981 and 3350?
67
What is the greatest common divisor of 495 